- 3. List the prime factors of r(-9).
2, 3
Let u = -50 + 29. List the prime factors of 14*(0 + (-30)/u).
2, 5
Suppose -6 = -c - 4. Suppose -3*v = -5*q - 39 + 5, -c*v + 21 = -3*q. List the prime factors of v/6*6 - -6.
3
Let i(w) = -2*w - 6*w**2 + w + 2*w. Let y be i(-1). Let u = 20 + y. What are the prime factors of u?
13
Let d = 5 - 0. Let g be 69 + -4 + d + -2. Suppose -j - 3*j + g = 0. List the prime factors of j.
17
Let z(u) = 5*u - 2. Let m(d) = d - 1. Let q(o) = 3*m(o) - z(o). What are the prime factors of q(-3)?
5
Suppose 4*f = 5*a + 2 - 10, -2*f - 4*a = 4. What are the prime factors of -2*9/f - 2?
7
Suppose 12 = -2*f + 72. What are the prime factors of f?
2, 3, 5
Suppose 77 = 3*r + 5*s, 5*r - 2*s - 90 = 90. Suppose b = 2*l - r, 3*l + b - 54 = -3. List the prime factors of l.
17
Suppose -4*v + 365 = -a + 73, -4*v = 4*a - 312. List the prime factors of v.
2, 37
Let i(x) be the third derivative of x**4/24 + x**3/6 - x**2. Let g be 3/(-18) + (-148)/(-24). List the prime factors of i(g).
7
Suppose 0 = 3*x - 2*x - 4, -l = 2*x - 12. Suppose -c = -l*c. Suppose -3*y + 8 + 37 = c. What are the prime factors of y?
3, 5
Let g(a) = -a**3 + 5*a**2 - 8. Let i be g(6). Let v = i - -71. What are the prime factors of v?
3
Let t = 71 + -25. Let l be (t/(-4))/(5/(-10)). Let f = -14 + l. What are the prime factors of f?
3
Let l = 8 + -13. List the prime factors of (l/(-2)*2)/1.
5
Let j(s) = -6*s. Let p(c) = -3*c. Let f(d) = 3*j(d) - 5*p(d). Let y(u) = u**3 - 7*u**2 - 9*u + 3. Let o be y(8). What are the prime factors of f(o)?
3, 5
Suppose -o + 5*j - 22 = -2*o, -4*o - 4*j = -24. Suppose -5*z - 25 = 0, -2*q - o*z + 0 = -2. List the prime factors of q.
2, 3
Suppose 2 - 12 = -2*v. Suppose 2*h - 47 = -v*u, 5*h + 2 + 20 = 3*u. List the prime factors of u.
3
Suppose 6*w - 2*w = 4. Let r = w + 12. Suppose 2*h - r = -m, -4*m + 0*h + 2*h + 52 = 0. What are the prime factors of m?
13
Suppose 0 = -3*b - b + 292. What are the prime factors of b?
73
Let a = -2 + 10. Let s = 15 - a. What are the prime factors of s?
7
Let m(f) = -2*f + 0 + 1 - 3 + 24*f. What are the prime factors of m(1)?
2, 5
Suppose 3*g = 5*g - 28. Let l(o) = o. List the prime factors of l(g).
2, 7
Let i = -186 - -333. List the prime factors of i.
3, 7
Let x(p) = -3*p + 3. Let h(l) = l**3 + 3*l**2 + l + 1. Let y be h(-2). Let n be x(y). Let c(a) = a**3 + 7*a**2 + 4*a + 3. What are the prime factors of c(n)?
3, 5
Let w(j) = -6*j**2 - 2*j + 7. Let a(c) = c**2 - c. Let b(l) = 5*a(l) + w(l). Suppose -4*r - 2 = 22. What are the prime factors of b(r)?
13
Let f = 4 + 4. Suppose -9*b = -f*b - 23. What are the prime factors of b?
23
Let l = 13 - 11. Suppose 0 = -9*b + 4*b + 2*i + 153, 3*b - l*i - 91 = 0. List the prime factors of b.
31
What are the prime factors of -3*(2 + 0)*(-55)/10?
3, 11
List the prime factors of 8/6*9/2.
2, 3
Let z(a) = 3*a**2 + 7*a + 2. What are the prime factors of z(-5)?
2, 3, 7
Suppose 15 = 5*l + 5. Let o be 5/(-2)*-1*l. Suppose 3*u - 5*t = 26, -o*t - 18 = u - 0*u. What are the prime factors of u?
2
Suppose 2*v - 3 - 5 = -3*l, 2*v = l + 8. Suppose 4*w + l*w = 48. Let m = w + -5. List the prime factors of m.
7
Let y(f) = 3*f - 17. Let h(x) = 1. Let m(o) = -h(o) + y(o). What are the prime factors of m(16)?
2, 3, 5
List the prime factors of 3 + 32/2 + 2.
3, 7
Let b(a) be the second derivative of 13*a**5/20 + a**2/2 + 3*a. What are the prime factors of b(1)?
2, 7
Suppose -4 - 1 = -5*u. What are the prime factors of 1 - (-13)/u - 2?
2, 3
Let o be (-2*2)/((-2)/1). Suppose j + 4*u = -j + 18, -o*u = 5*j - 37. What are the prime factors of j?
7
Let r be (-4)/(2 - (1 - -2)). Let f(l) = 3*l - 4. Let z be f(r). Let q = z + 4. What are the prime factors of q?
2, 3
Suppose -2*t + 5*r = t - 521, 5*t - 3*r = 863. What are the prime factors of t?
2, 43
Let g(q) = 15*q**3 - 4*q + 5. Let f(u) = u - 1. Let v(p) = -4*f(p) - g(p). List the prime factors of v(-1).
2, 7
Suppose 0 = n + n. Let a be (n - -5) + (-10)/5. List the prime factors of -16*(a - (0 + 4)).
2
Let t(j) = j**3 - 5*j**2 - 2*j + 2. Let f be t(6). Let u(g) = g**3 + 8*g**2 + 8*g + 9. Let z be u(-7). Suppose z*w - f = -0*w. List the prime factors of w.
13
Let q(f) = -f + 9. Let n be q(6). What are the prime factors of (-50)/(-6) + (-1)/n?
2
Let h(r) be the second derivative of 5*r**4/4 - r**3/3 - r**2/2 + 3*r. Let f be h(2). Suppose 3*v + f = 8*v. What are the prime factors of v?
11
Let s(o) = o**3 - 8*o**2 - o + 11. Let q be s(8). Suppose -9 - q = -4*i, -6 = m - 3*i. What are the prime factors of (-1 - m)*2/(-4)?
2
Let q be ((-144)/(-40))/((-1)/(-5)). Suppose q + 63 = 3*u. What are the prime factors of u?
3
Suppose 69 = 3*r + w - 5*w, 2*r = 2*w + 44. List the prime factors of r.
19
Suppose -n = 4*n - 180. Suppose t - n = -t. What are the prime factors of t?
2, 3
Suppose 0*k = -2*k + 6. Suppose -k*d + 7*d - 4 = 0. What are the prime factors of (-3)/2*-6*d?
3
Suppose -80 - 48 = -4*c. List the prime factors of c.
2
Let z = 870 - 416. What are the prime factors of 2/(-9) - z/(-18)?
5
Let a be 1*(4 - 0)*1. Suppose -a + 25 = 3*x. List the prime factors of x.
7
List the prime factors of -2 + 2 + (1 - 2) + 70.
3, 23
Let h be (12/9)/((-2)/(-9)). What are the prime factors of (9/h)/((-12)/(-16))?
2
Let w be 9*-1 - (3 - 4). List the prime factors of (0 - w)/((-1)/(-3)).
2, 3
Suppose 155 = s + l - 57, -1066 = -5*s - 2*l. What are the prime factors of s?
2, 107
Let j(d) = -4*d**2 - 3*d + 1. Let k be j(3). Let g be (-334)/(-22) - (-8)/k. Suppose -v = 2*v - g. List the prime factors of v.
5
Suppose -154 = -5*x + 266. Let u be (-114)/(-27) + (-4)/18. Suppose -21 = 2*a + 5*l - x, -u*l + 20 = 0. What are the prime factors of a?
19
Suppose 66 = 3*y - 2*q, -2*q + 7*q - 65 = -4*y. List the prime factors of y.
2, 5
List the prime factors of 5/2 - (4 - 2)/4.
2
Let t = -9 + 4. Let f = 9 - 3. What are the prime factors of t/((-9)/f - -1)?
2, 5
Let v = 15 - -13. What are the prime factors of v?
2, 7
Let j(d) = d**2 + 2*d - 1. List the prime factors of j(1).
2
Let t be -2 - (-2 - -6)/(-1). What are the prime factors of (-1)/(1 - t) + 5?
2, 3
List the prime factors of ((-12)/8)/(4 + 4076/(-1016)).
127
Let v = -10 + 3. Let y = 38 + -18. Let m = y + v. List the prime factors of m.
13
Suppose 2 = 2*y - 2. Suppose y*d + 0 = 2. Let k = 2 + d. What are the prime factors of k?
3
Let g(k) = k**2 + 7*k + 13. List the prime factors of g(-9).
31
Let x(k) = -2*k + 54. What are the prime factors of x(22)?
2, 5
Let j(z) = z**3 + 13*z**2 + 11*z + 8. What are the prime factors of j(-12)?
2, 5
Let h = -9 - -14. Let f be (174*-1)/3*-1. Suppose f - 8 = h*v. List the prime factors of v.
2, 5
What are the prime factors of ((-965)/2)/5*-2?
193
Suppose 2*q = -6, 4*b + 0*b + 4*q - 28 = 0. List the prime factors of b.
2, 5
Suppose -4*t + t - 18 = 0. List the prime factors of t/(-3) - (0 - 5).
7
Let z(p) = -2*p**2 - 7*p + 1. Let r be z(-6). Suppose -53 = 3*a + m, 4*m + 19 = -4*a - 49. Let v = a - r. What are the prime factors of v?
11
Let z(o) = -o**3 + 3*o**2 + 3*o - 2. Let k be z(2). Let d = k + -4. Suppose i - d*u - 19 = 0, -3*i + 3*u = i - 37. List the prime factors of i.
7
Suppose -2*i + 3*k = -33 - 532, -5*k + 302 = i. List the prime factors of i.
7, 41
Let u(n) = 3*n**2 - 7*n + 0 + n**3 + 2*n - 3. What are the prime factors of u(-3)?
2, 3
Suppose -5 = -f + 3*o, -15 = -3*f - 0*f + 5*o. Let a = f + -15. Let p = a - -27. What are the prime factors of p?
17
Let d = -225 + 420. List the prime factors of d.
3, 5, 13
Suppose 22*y - 23*y = -104. List the prime factors of y.
2, 13
Let d(r) be the first derivative of -r**6/360 + 7*r**5/120 + r**4/8 + r**3/3 - 2. Let b(y) be the third derivative of d(y). What are the prime factors of b(7)?
3
Let a(u) = u. Let q(z) = -12*z + 6. Let m(d) = 6*a(d) + q(d). What are the prime factors of m(-5)?
2, 3
Let o(c) be the third derivative of -c**5/60 + c**4/8 + 2*c**3/3 + 3*c**2. Let g be o(3). Let p = g - -6. What are the prime factors of p?
2, 5
Let d = -8 + 7. Let s = 6 - 11. Let k = d - s. List the prime factors of k.
2
Suppose 0*a + 20 = 5*a. Suppose r + 16 + a = 0. Let l = r + 28. List the prime factors of l.
2
Suppose -4*k + 1278 = 5*k. What are the prime factors of k?
2, 71
Let m = 113 - 64. List the prime factors of m.
7
Suppose 4 - 82 = -6*f. List the